ighest common factor of 64 and 980.
4
What is the greatest common factor of 318 and 1007?
53
What is the greatest common divisor of 1457 and 235?
47
Calculate the highest common divisor of 22 and 1130.
2
What is the highest common divisor of 34 and 34?
34
Calculate the greatest common divisor of 295 and 236.
59
What is the greatest common factor of 357 and 5082?
21
Calculate the greatest common factor of 388 and 485.
97
What is the greatest common divisor of 780 and 52?
52
What is the highest common divisor of 119 and 763?
7
What is the greatest common divisor of 28 and 35?
7
Calculate the highest common factor of 1784 and 48.
8
Calculate the highest common factor of 285 and 885.
15
What is the highest common divisor of 76 and 2869?
19
What is the highest common factor of 2122 and 2?
2
What is the highest common divisor of 4815 and 90?
45
What is the greatest common factor of 24 and 3756?
12
What is the highest common factor of 7 and 63?
7
What is the greatest common factor of 3 and 3?
3
What is the highest common divisor of 6272 and 196?
196
Calculate the highest common factor of 845 and 25.
5
Calculate the highest common divisor of 600 and 216.
24
What is the highest common factor of 552 and 69?
69
What is the highest common divisor of 190 and 152?
38
Calculate the greatest common divisor of 2651 and 11.
11
Calculate the highest common divisor of 270 and 126.
18
Calculate the highest common divisor of 2737 and 7.
7
What is the highest common divisor of 316 and 553?
79
What is the highest common factor of 4760 and 3910?
170
Calculate the greatest common divisor of 65 and 18265.
65
What is the greatest common factor of 322 and 46?
46
Calculate the highest common factor of 336 and 144.
48
Calculate the greatest common factor of 9 and 43362.
9
Calculate the highest common divisor of 60 and 2490.
30
Calculate the greatest common factor of 183 and 13969.
61
What is the greatest common divisor of 54 and 954?
18
Calculate the greatest common divisor of 7 and 9.
1
Calculate the highest common factor of 469 and 21.
7
Calculate the highest common divisor of 20 and 60.
20
Calculate the greatest common factor of 771 and 6.
3
Calculate the highest common divisor of 1692 and 72.
36
Calculate the greatest common divisor of 1389 and 9.
3
What is the highest common divisor of 512 and 1152?
128
What is the greatest common divisor of 900 and 2000?
100
What is the greatest common factor of 1280 and 10?
10
Calculate the highest common factor of 60 and 1720.
20
What is the highest common divisor of 26 and 117?
13
Calculate the highest common factor of 195 and 455.
65
What is the greatest common divisor of 584 and 3431?
73
What is the greatest common factor of 91 and 104?
13
What is the greatest common factor of 222 and 74?
74
What is the greatest common divisor of 35 and 2135?
35
Calculate the highest common divisor of 24 and 114.
6
Calculate the highest common divisor of 300 and 1020.
60
Calculate the greatest common factor of 305 and 122.
61
What is the highest common factor of 18428 and 17?
17
Calculate the greatest common divisor of 24 and 636.
12
What is the greatest common divisor of 140 and 896?
28
What is the greatest common divisor of 15019 and 115?
23
What is the highest common factor of 10 and 1605?
5
What is the greatest common divisor of 247 and 24947?
247
What is the greatest common divisor of 315 and 175?
35
Calculate the highest common factor of 70 and 14.
14
Calculate the highest common factor of 119 and 136.
17
Calculate the greatest common divisor of 62 and 589.
31
Calculate the highest common divisor of 6 and 33.
3
What is the greatest common divisor of 240 and 4?
4
What is the greatest common divisor of 32 and 25376?
32
Calculate the greatest common divisor of 1488 and 600.
24
What is the greatest common factor of 900 and 100?
100
Calculate the highest common divisor of 125 and 350.
25
Calculate the greatest common divisor of 46 and 3013.
23
What is the highest common divisor of 42 and 651?
21
Calculate the greatest common divisor of 1467 and 243.
9
What is the highest common divisor of 3642 and 12?
6
What is the greatest common divisor of 1140 and 513?
57
Calculate the greatest common factor of 9 and 45.
9
What is the greatest common divisor of 12 and 2892?
12
Calculate the greatest common divisor of 1548 and 396.
36
What is the greatest common divisor of 400 and 320?
80
Calculate the highest common factor of 800 and 96.
32
Calculate the highest common factor of 1211 and 7.
7
What is the highest common divisor of 365 and 73?
73
What is the greatest common factor of 408 and 12?
12
What is the greatest common divisor of 50 and 50?
50
What is the highest common divisor of 48 and 762?
6
Calculate the highest common factor of 4959 and 684.
171
Calculate the highest common divisor of 810 and 30.
30
What is the highest common factor of 5050 and 1212?
202
Calculate the highest common divisor of 100 and 1280.
20
What is the greatest common factor of 112 and 1744?
16
Calculate the greatest common factor of 84 and 192.
12
Calculate the highest common divisor of 9 and 414.
9
What is the greatest common factor of 182 and 2821?
91
What is the greatest common factor of 806 and 52?
26
Calculate the highest common divisor of 1482 and 114.
114
What is the greatest common factor of 365 and 7008?
73
What is the greatest common factor of 162 and 270?
54
What is the highest common divisor of 680 and 5576?
136
What is the highest common factor of 52730 and 10?
10
What is the highest common divisor of 490 and 310?
10
What is the greatest common factor of 5699 and 139?
139
What is the highest common divisor of 6000 and 80?
80
What is the greatest common factor of 18760 and 20?
20
Calculate the greatest common factor of 34 and 68.
34
What is the highest common factor of 73 and 2336?
73
Calculate the greatest common divisor of 390 and 117.
39
What is the greatest common factor of 1634 and 86?
86
What is the highest common divisor of 476 and 196?
28
Calculate the greatest common factor of 75 and 1850.
25
What is the greatest common factor of 672 and 42?
42
Calculate the greatest common divisor of 50 and 8.
2
Calculate the highest common divisor of 1099 and 133.
7
Calculate the greatest common factor of 302 and 2.
2
What is the greatest common divisor of 1090 and 50?
10
What is the greatest common divisor of 72 and 2466?
18
Calculate the highest common factor of 6345 and 54.
27
Calculate the highest common divisor of 2227 and 131.
131
What is the greatest common factor of 24 and 18?
6
Calculate the greatest common factor of 1302 and 14.
14
Calculate the highest common divisor of 37 and 814.
37
Calculate the greatest common factor of 286 and 78.
26
What is the highest common factor of 10 and 36?
2
Calculate the highest common factor of 71 and 3.
1
Calculate the highest common factor of 42 and 672.
42
What is the highest common factor of 2862 and 12?
6
What is the greatest common divisor of 73687 and 31?
31
What is the greatest common factor of 91 and 7241?
13
What is the greatest common divisor of 3820 and 20?
20
What is the greatest common divisor of 1615 and 85?
85
Calculate the greatest common divisor of 406 and 350.
14
Calculate the highest common factor of 1343 and 17.
17
What is the highest common divisor of 62 and 682?
62
What is the highest common divisor of 1015 and 1305?
145
Calculate the greatest common factor of 20 and 250.
10
What is the greatest common divisor of 40 and 90?
10
Calculate the highest common divisor of 40 and 128.
8
What is the highest common factor of 3504 and 16?
16
What is the greatest common factor of 2854 and 4?
2
Calculate the greatest common divisor of 6 and 94.
2
What is the greatest common divisor of 924 and 21?
21
Calculate the greatest common factor of 18 and 342.
18
What is the greatest common divisor of 115 and 21965?
115
Calculate the highest common factor of 186 and 14136.
186
Calculate the highest common factor of 63 and 765.
9
Calculate the greatest common factor of 2247 and 21.
21
Calculate the highest common factor of 126 and 27.
9
Calculate the greatest common divisor of 713 and 93.
31
Calculate the greatest common divisor of 12194 and 182.
182
Calculate the highest common factor of 30 and 2085.
15
What is the greatest 